{"version":"1.0","provider_name":"Te lo Cuenta Victor","provider_url":"https:\/\/telocuentavictorhugo.com","author_name":"telocuentavictorhugo.com","author_url":"https:\/\/telocuentavictorhugo.com\/index.php\/author\/plustvpress-com\/","title":"GOBIERNO Y SECTOR PRIVADO JUNTOS - Te lo Cuenta Victor","type":"rich","width":600,"height":338,"html":"<blockquote class=\"wp-embedded-content\" data-secret=\"B0rcMGZcxS\"><a href=\"https:\/\/telocuentavictorhugo.com\/index.php\/2025\/10\/27\/gobierno-y-sector-privado-juntos\/\">GOBIERNO Y SECTOR PRIVADO JUNTOS<\/a><\/blockquote><iframe sandbox=\"allow-scripts\" security=\"restricted\" src=\"https:\/\/telocuentavictorhugo.com\/index.php\/2025\/10\/27\/gobierno-y-sector-privado-juntos\/embed\/#?secret=B0rcMGZcxS\" width=\"600\" height=\"338\" title=\"\u00abGOBIERNO Y SECTOR PRIVADO JUNTOS\u00bb \u2014 Te lo Cuenta Victor\" data-secret=\"B0rcMGZcxS\" frameborder=\"0\" marginwidth=\"0\" marginheight=\"0\" scrolling=\"no\" class=\"wp-embedded-content\"><\/iframe><script>\n\/*! This file is auto-generated *\/\n!function(d,l){\"use strict\";l.querySelector&&d.addEventListener&&\"undefined\"!=typeof URL&&(d.wp=d.wp||{},d.wp.receiveEmbedMessage||(d.wp.receiveEmbedMessage=function(e){var t=e.data;if((t||t.secret||t.message||t.value)&&!\/[^a-zA-Z0-9]\/.test(t.secret)){for(var s,r,n,a=l.querySelectorAll('iframe[data-secret=\"'+t.secret+'\"]'),o=l.querySelectorAll('blockquote[data-secret=\"'+t.secret+'\"]'),c=new RegExp(\"^https?:$\",\"i\"),i=0;i<o.length;i++)o[i].style.display=\"none\";for(i=0;i<a.length;i++)s=a[i],e.source===s.contentWindow&&(s.removeAttribute(\"style\"),\"height\"===t.message?(1e3<(r=parseInt(t.value,10))?r=1e3:~~r<200&&(r=200),s.height=r):\"link\"===t.message&&(r=new URL(s.getAttribute(\"src\")),n=new URL(t.value),c.test(n.protocol))&&n.host===r.host&&l.activeElement===s&&(d.top.location.href=t.value))}},d.addEventListener(\"message\",d.wp.receiveEmbedMessage,!1),l.addEventListener(\"DOMContentLoaded\",function(){for(var e,t,s=l.querySelectorAll(\"iframe.wp-embedded-content\"),r=0;r<s.length;r++)(t=(e=s[r]).getAttribute(\"data-secret\"))||(t=Math.random().toString(36).substring(2,12),e.src+=\"#?secret=\"+t,e.setAttribute(\"data-secret\",t)),e.contentWindow.postMessage({message:\"ready\",secret:t},\"*\")},!1)))}(window,document);\n\/\/# sourceURL=https:\/\/telocuentavictorhugo.com\/wp-includes\/js\/wp-embed.min.js\n<\/script>\n","thumbnail_url":"http:\/\/telocuentavictorhugo.com\/wp-content\/uploads\/2025\/10\/46-2.jpg","thumbnail_width":737,"thumbnail_height":326,"description":"La Confederaci\u00f3n de Empresarios Privados de Bolivia (CEPB) confirm\u00f3 este viernes que los representantes de los 29 sectores que integran la organizaci\u00f3n participar\u00e1n en el \u201cPrimer Encuentro Nacional con el Sector Empresarial y Productivo\u201d, convocado por el presidente electo Rodrigo Paz para este s\u00e1bado 25 en Santa Cruz. La iniciativa marca un cambio significativo en [&hellip;]"}

La Confederación de Empresarios Privados de Bolivia (CEPB) confirmó este viernes que los representantes de los 29 sectores que integran la organización participarán en el “Primer Encuentro Nacional con el Sector Empresarial y Productivo”, convocado por el presidente electo Rodrigo Paz para este sábado 25 en Santa Cruz. La iniciativa marca un cambio significativo en [&hellip;]
