{"version":"1.0","provider_name":"Te lo Cuenta Victor","provider_url":"https:\/\/telocuentavictorhugo.com","author_name":"telocuentavictorhugo.com","author_url":"https:\/\/telocuentavictorhugo.com\/index.php\/author\/plustvpress-com\/","title":"EL RESPALDO DE ESTADOS UNIDOS A RODRIGO PAZ - Te lo Cuenta Victor","type":"rich","width":600,"height":338,"html":"<blockquote class=\"wp-embedded-content\" data-secret=\"biolJewwdA\"><a href=\"https:\/\/telocuentavictorhugo.com\/index.php\/2025\/10\/27\/el-respaldo-de-estados-unidos-a-rodrigo-paz\/\">EL RESPALDO DE ESTADOS UNIDOS A RODRIGO PAZ<\/a><\/blockquote><iframe sandbox=\"allow-scripts\" security=\"restricted\" src=\"https:\/\/telocuentavictorhugo.com\/index.php\/2025\/10\/27\/el-respaldo-de-estados-unidos-a-rodrigo-paz\/embed\/#?secret=biolJewwdA\" width=\"600\" height=\"338\" title=\"\u00abEL RESPALDO DE ESTADOS UNIDOS A RODRIGO PAZ\u00bb \u2014 Te lo Cuenta Victor\" data-secret=\"biolJewwdA\" frameborder=\"0\" marginwidth=\"0\" marginheight=\"0\" scrolling=\"no\" class=\"wp-embedded-content\"><\/iframe><script>\n\/*! This file is auto-generated *\/\n!function(d,l){\"use strict\";l.querySelector&&d.addEventListener&&\"undefined\"!=typeof URL&&(d.wp=d.wp||{},d.wp.receiveEmbedMessage||(d.wp.receiveEmbedMessage=function(e){var t=e.data;if((t||t.secret||t.message||t.value)&&!\/[^a-zA-Z0-9]\/.test(t.secret)){for(var s,r,n,a=l.querySelectorAll('iframe[data-secret=\"'+t.secret+'\"]'),o=l.querySelectorAll('blockquote[data-secret=\"'+t.secret+'\"]'),c=new RegExp(\"^https?:$\",\"i\"),i=0;i<o.length;i++)o[i].style.display=\"none\";for(i=0;i<a.length;i++)s=a[i],e.source===s.contentWindow&&(s.removeAttribute(\"style\"),\"height\"===t.message?(1e3<(r=parseInt(t.value,10))?r=1e3:~~r<200&&(r=200),s.height=r):\"link\"===t.message&&(r=new URL(s.getAttribute(\"src\")),n=new URL(t.value),c.test(n.protocol))&&n.host===r.host&&l.activeElement===s&&(d.top.location.href=t.value))}},d.addEventListener(\"message\",d.wp.receiveEmbedMessage,!1),l.addEventListener(\"DOMContentLoaded\",function(){for(var e,t,s=l.querySelectorAll(\"iframe.wp-embedded-content\"),r=0;r<s.length;r++)(t=(e=s[r]).getAttribute(\"data-secret\"))||(t=Math.random().toString(36).substring(2,12),e.src+=\"#?secret=\"+t,e.setAttribute(\"data-secret\",t)),e.contentWindow.postMessage({message:\"ready\",secret:t},\"*\")},!1)))}(window,document);\n\/\/# sourceURL=https:\/\/telocuentavictorhugo.com\/wp-includes\/js\/wp-embed.min.js\n<\/script>\n","thumbnail_url":"http:\/\/telocuentavictorhugo.com\/wp-content\/uploads\/2025\/10\/26-3.jpg","thumbnail_width":639,"thumbnail_height":315,"description":"El secretario de Estado de Estados Unidos, Marco Rubio, sostuvo una conversaci\u00f3n telef\u00f3nica con el presidente electo de Bolivia, Rodrigo Paz, en la que le reafirm\u00f3 el compromiso de Washington de colaborar en la promoci\u00f3n de la seguridad y la prosperidad econ\u00f3mica en la regi\u00f3n. En un gesto que refleja la intenci\u00f3n de fortalecer v\u00ednculos [&hellip;]"}

El secretario de Estado de Estados Unidos, Marco Rubio, sostuvo una conversación telefónica con el presidente electo de Bolivia, Rodrigo Paz, en la que le reafirmó el compromiso de Washington de colaborar en la promoción de la seguridad y la prosperidad económica en la región. En un gesto que refleja la intención de fortalecer vínculos [&hellip;]
