{"version":"1.0","provider_name":"Te lo Cuenta Victor","provider_url":"https:\/\/telocuentavictorhugo.com","author_name":"telocuentavictorhugo.com","author_url":"https:\/\/telocuentavictorhugo.com\/index.php\/author\/plustvpress-com\/","title":"\u00bfEVO LIBRE? - LA ASPIRACI\u00d3N DE LOZA - Te lo Cuenta Victor","type":"rich","width":600,"height":338,"html":"<blockquote class=\"wp-embedded-content\" data-secret=\"uKpep9CmTA\"><a href=\"https:\/\/telocuentavictorhugo.com\/index.php\/2025\/09\/21\/evo-libre-la-aspiracion-de-loza\/\">\u00bfEVO LIBRE? &#8211; LA ASPIRACI\u00d3N DE LOZA<\/a><\/blockquote><iframe sandbox=\"allow-scripts\" security=\"restricted\" src=\"https:\/\/telocuentavictorhugo.com\/index.php\/2025\/09\/21\/evo-libre-la-aspiracion-de-loza\/embed\/#?secret=uKpep9CmTA\" width=\"600\" height=\"338\" title=\"\u00ab\u00bfEVO LIBRE? &#8211; LA ASPIRACI\u00d3N DE LOZA\u00bb \u2014 Te lo Cuenta Victor\" data-secret=\"uKpep9CmTA\" frameborder=\"0\" marginwidth=\"0\" marginheight=\"0\" scrolling=\"no\" class=\"wp-embedded-content\"><\/iframe><script>\n\/*! This file is auto-generated *\/\n!function(d,l){\"use strict\";l.querySelector&&d.addEventListener&&\"undefined\"!=typeof URL&&(d.wp=d.wp||{},d.wp.receiveEmbedMessage||(d.wp.receiveEmbedMessage=function(e){var t=e.data;if((t||t.secret||t.message||t.value)&&!\/[^a-zA-Z0-9]\/.test(t.secret)){for(var s,r,n,a=l.querySelectorAll('iframe[data-secret=\"'+t.secret+'\"]'),o=l.querySelectorAll('blockquote[data-secret=\"'+t.secret+'\"]'),c=new RegExp(\"^https?:$\",\"i\"),i=0;i<o.length;i++)o[i].style.display=\"none\";for(i=0;i<a.length;i++)s=a[i],e.source===s.contentWindow&&(s.removeAttribute(\"style\"),\"height\"===t.message?(1e3<(r=parseInt(t.value,10))?r=1e3:~~r<200&&(r=200),s.height=r):\"link\"===t.message&&(r=new URL(s.getAttribute(\"src\")),n=new URL(t.value),c.test(n.protocol))&&n.host===r.host&&l.activeElement===s&&(d.top.location.href=t.value))}},d.addEventListener(\"message\",d.wp.receiveEmbedMessage,!1),l.addEventListener(\"DOMContentLoaded\",function(){for(var e,t,s=l.querySelectorAll(\"iframe.wp-embedded-content\"),r=0;r<s.length;r++)(t=(e=s[r]).getAttribute(\"data-secret\"))||(t=Math.random().toString(36).substring(2,12),e.src+=\"#?secret=\"+t,e.setAttribute(\"data-secret\",t)),e.contentWindow.postMessage({message:\"ready\",secret:t},\"*\")},!1)))}(window,document);\n\/\/# sourceURL=https:\/\/telocuentavictorhugo.com\/wp-includes\/js\/wp-embed.min.js\n<\/script>\n","thumbnail_url":"http:\/\/telocuentavictorhugo.com\/wp-content\/uploads\/2025\/09\/17-2.jpg","thumbnail_width":699,"thumbnail_height":344,"description":"El senador evista Leonardo Loza afirm\u00f3 este viernes que Evo Morales pronto recobrar\u00e1 su libertad y comenzar\u00e1 una intensa gira por los nueve departamentos del pa\u00eds, asegurando que su encarcelamiento se terminar\u00e1 con el cambio de gobierno. En medio de un congreso en el tr\u00f3pico de Cochabamba, Loza lament\u00f3 lo que calific\u00f3 como un acto [&hellip;]"}

¿EVO LIBRE? - LA ASPIRACIÓN DE LOZA - Te lo Cuenta Victor

<blockquote class="wp-embedded-content" data-secret="uKpep9CmTA"><a href="https://telocuentavictorhugo.com/index.php/2025/09/21/evo-libre-la-aspiracion-de-loza/">¿EVO LIBRE? &#8211; LA ASPIRACIÓN DE LOZA</a></blockquote><iframe sandbox="allow-scripts" security="restricted" src="https://telocuentavictorhugo.com/index.php/2025/09/21/evo-libre-la-aspiracion-de-loza/embed/#?secret=uKpep9CmTA" width="600" height="338" title="«¿EVO LIBRE? &#8211; LA ASPIRACIÓN DE LOZA» — Te lo Cuenta Victor" data-secret="uKpep9CmTA" frameborder="0" marginwidth="0" marginheight="0" scrolling="no" class="wp-embedded-content"></iframe><script>
/*! This file is auto-generated */
!function(d,l){"use strict";l.querySelector&&d.addEventListener&&"undefined"!=typeof URL&&(d.wp=d.wp||{},d.wp.receiveEmbedMessage||(d.wp.receiveEmbedMessage=function(e){var t=e.data;if((t||t.secret||t.message||t.value)&&!/[^a-zA-Z0-9]/.test(t.secret)){for(var s,r,n,a=l.querySelectorAll('iframe[data-secret="'+t.secret+'"]'),o=l.querySelectorAll('blockquote[data-secret="'+t.secret+'"]'),c=new RegExp("^https?:$","i"),i=0;i<o.length;i++)o[i].style.display="none";for(i=0;i<a.length;i++)s=a[i],e.source===s.contentWindow&&(s.removeAttribute("style"),"height"===t.message?(1e3<(r=parseInt(t.value,10))?r=1e3:~~r<200&&(r=200),s.height=r):"link"===t.message&&(r=new URL(s.getAttribute("src")),n=new URL(t.value),c.test(n.protocol))&&n.host===r.host&&l.activeElement===s&&(d.top.location.href=t.value))}},d.addEventListener("message",d.wp.receiveEmbedMessage,!1),l.addEventListener("DOMContentLoaded",function(){for(var e,t,s=l.querySelectorAll("iframe.wp-embedded-content"),r=0;r<s.length;r++)(t=(e=s[r]).getAttribute("data-secret"))||(t=Math.random().toString(36).substring(2,12),e.src+="#?secret="+t,e.setAttribute("data-secret",t)),e.contentWindow.postMessage({message:"ready",secret:t},"*")},!1)))}(window,document);
//# sourceURL=https://telocuentavictorhugo.com/wp-includes/js/wp-embed.min.js
</script>

El senador evista Leonardo Loza afirmó este viernes que Evo Morales pronto recobrará su libertad y comenzará una intensa gira por los nueve departamentos del país, asegurando que su encarcelamiento se terminará con el cambio de gobierno. En medio de un congreso en el trópico de Cochabamba, Loza lamentó lo que calificó como un acto [&hellip;]
