{"version":"1.0","provider_name":"Te lo Cuenta Victor","provider_url":"https:\/\/telocuentavictorhugo.com","author_name":"telocuentavictorhugo.com","author_url":"https:\/\/telocuentavictorhugo.com\/index.php\/author\/plustvpress-com\/","title":"DEBATES ANTE LA SEGUNDA VUELTA EN BOLIVIA - Te lo Cuenta Victor","type":"rich","width":600,"height":338,"html":"<blockquote class=\"wp-embedded-content\" data-secret=\"a1Fobk0bzl\"><a href=\"https:\/\/telocuentavictorhugo.com\/index.php\/2025\/08\/30\/debates-ante-la-segunda-vuelta-en-bolivia\/\">DEBATES ANTE LA SEGUNDA VUELTA EN BOLIVIA<\/a><\/blockquote><iframe sandbox=\"allow-scripts\" security=\"restricted\" src=\"https:\/\/telocuentavictorhugo.com\/index.php\/2025\/08\/30\/debates-ante-la-segunda-vuelta-en-bolivia\/embed\/#?secret=a1Fobk0bzl\" width=\"600\" height=\"338\" title=\"\u00abDEBATES ANTE LA SEGUNDA VUELTA EN BOLIVIA\u00bb \u2014 Te lo Cuenta Victor\" data-secret=\"a1Fobk0bzl\" frameborder=\"0\" marginwidth=\"0\" marginheight=\"0\" scrolling=\"no\" class=\"wp-embedded-content\"><\/iframe><script>\n\/*! This file is auto-generated *\/\n!function(d,l){\"use strict\";l.querySelector&&d.addEventListener&&\"undefined\"!=typeof URL&&(d.wp=d.wp||{},d.wp.receiveEmbedMessage||(d.wp.receiveEmbedMessage=function(e){var t=e.data;if((t||t.secret||t.message||t.value)&&!\/[^a-zA-Z0-9]\/.test(t.secret)){for(var s,r,n,a=l.querySelectorAll('iframe[data-secret=\"'+t.secret+'\"]'),o=l.querySelectorAll('blockquote[data-secret=\"'+t.secret+'\"]'),c=new RegExp(\"^https?:$\",\"i\"),i=0;i<o.length;i++)o[i].style.display=\"none\";for(i=0;i<a.length;i++)s=a[i],e.source===s.contentWindow&&(s.removeAttribute(\"style\"),\"height\"===t.message?(1e3<(r=parseInt(t.value,10))?r=1e3:~~r<200&&(r=200),s.height=r):\"link\"===t.message&&(r=new URL(s.getAttribute(\"src\")),n=new URL(t.value),c.test(n.protocol))&&n.host===r.host&&l.activeElement===s&&(d.top.location.href=t.value))}},d.addEventListener(\"message\",d.wp.receiveEmbedMessage,!1),l.addEventListener(\"DOMContentLoaded\",function(){for(var e,t,s=l.querySelectorAll(\"iframe.wp-embedded-content\"),r=0;r<s.length;r++)(t=(e=s[r]).getAttribute(\"data-secret\"))||(t=Math.random().toString(36).substring(2,12),e.src+=\"#?secret=\"+t,e.setAttribute(\"data-secret\",t)),e.contentWindow.postMessage({message:\"ready\",secret:t},\"*\")},!1)))}(window,document);\n\/\/# sourceURL=https:\/\/telocuentavictorhugo.com\/wp-includes\/js\/wp-embed.min.js\n<\/script>\n","thumbnail_url":"http:\/\/telocuentavictorhugo.com\/wp-content\/uploads\/2025\/08\/auto-de-buen-gobierno-84-668x1024.png","thumbnail_width":668,"thumbnail_height":1024,"description":"El Tribunal Supremo Electoral ratific\u00f3 la realizaci\u00f3n de debates entre los candidatos a la Presidencia y Vicepresidencia que competir\u00e1n en el balotaje del 19 de octubre. Estos encuentros ser\u00e1n espacios clave para que los postulantes expongan sus propuestas, planes de gobierno y visiones de pa\u00eds, de cara a la definici\u00f3n del pr\u00f3ximo presidente de Bolivia."}

El Tribunal Supremo Electoral ratificó la realización de debates entre los candidatos a la Presidencia y Vicepresidencia que competirán en el balotaje del 19 de octubre. Estos encuentros serán espacios clave para que los postulantes expongan sus propuestas, planes de gobierno y visiones de país, de cara a la definición del próximo presidente de Bolivia.
