{"version":"1.0","provider_name":"Te lo Cuenta Victor","provider_url":"https:\/\/telocuentavictorhugo.com","author_name":"telocuentavictorhugo.com","author_url":"https:\/\/telocuentavictorhugo.com\/index.php\/author\/plustvpress-com\/","title":"EL AZ\u00daL DESAPARECE DEL MAPA - Te lo Cuenta Victor","type":"rich","width":600,"height":338,"html":"<blockquote class=\"wp-embedded-content\" data-secret=\"GPLggUPzvs\"><a href=\"https:\/\/telocuentavictorhugo.com\/index.php\/2025\/08\/20\/el-azul-desaparece-del-mapa\/\">EL AZ\u00daL DESAPARECE DEL MAPA<\/a><\/blockquote><iframe sandbox=\"allow-scripts\" security=\"restricted\" src=\"https:\/\/telocuentavictorhugo.com\/index.php\/2025\/08\/20\/el-azul-desaparece-del-mapa\/embed\/#?secret=GPLggUPzvs\" width=\"600\" height=\"338\" title=\"\u00abEL AZ\u00daL DESAPARECE DEL MAPA\u00bb \u2014 Te lo Cuenta Victor\" data-secret=\"GPLggUPzvs\" frameborder=\"0\" marginwidth=\"0\" marginheight=\"0\" scrolling=\"no\" class=\"wp-embedded-content\"><\/iframe><script>\n\/*! This file is auto-generated *\/\n!function(d,l){\"use strict\";l.querySelector&&d.addEventListener&&\"undefined\"!=typeof URL&&(d.wp=d.wp||{},d.wp.receiveEmbedMessage||(d.wp.receiveEmbedMessage=function(e){var t=e.data;if((t||t.secret||t.message||t.value)&&!\/[^a-zA-Z0-9]\/.test(t.secret)){for(var s,r,n,a=l.querySelectorAll('iframe[data-secret=\"'+t.secret+'\"]'),o=l.querySelectorAll('blockquote[data-secret=\"'+t.secret+'\"]'),c=new RegExp(\"^https?:$\",\"i\"),i=0;i<o.length;i++)o[i].style.display=\"none\";for(i=0;i<a.length;i++)s=a[i],e.source===s.contentWindow&&(s.removeAttribute(\"style\"),\"height\"===t.message?(1e3<(r=parseInt(t.value,10))?r=1e3:~~r<200&&(r=200),s.height=r):\"link\"===t.message&&(r=new URL(s.getAttribute(\"src\")),n=new URL(t.value),c.test(n.protocol))&&n.host===r.host&&l.activeElement===s&&(d.top.location.href=t.value))}},d.addEventListener(\"message\",d.wp.receiveEmbedMessage,!1),l.addEventListener(\"DOMContentLoaded\",function(){for(var e,t,s=l.querySelectorAll(\"iframe.wp-embedded-content\"),r=0;r<s.length;r++)(t=(e=s[r]).getAttribute(\"data-secret\"))||(t=Math.random().toString(36).substring(2,12),e.src+=\"#?secret=\"+t,e.setAttribute(\"data-secret\",t)),e.contentWindow.postMessage({message:\"ready\",secret:t},\"*\")},!1)))}(window,document);\n\/\/# sourceURL=https:\/\/telocuentavictorhugo.com\/wp-includes\/js\/wp-embed.min.js\n<\/script>\n","thumbnail_url":"http:\/\/telocuentavictorhugo.com\/wp-content\/uploads\/2025\/08\/auto-de-buen-gobierno-33-668x1024.png","thumbnail_width":668,"thumbnail_height":1024,"description":"Seg\u00fan los resultados por departamentos, as\u00ed qued\u00f3 delineado el mapa electoral tras las elecciones de 2020 y las celebradas este domingo 17 de agosto de 2025. El MAS de Luis Arce obtuvo la mayor\u00eda en aquel proceso electoral de hace cinco a\u00f1os y, en la actualidad, la posici\u00f3n est\u00e1 ocupada por el PDC de Rodrigo [&hellip;]"}

EL AZÚL DESAPARECE DEL MAPA - Te lo Cuenta Victor

<blockquote class="wp-embedded-content" data-secret="GPLggUPzvs"><a href="https://telocuentavictorhugo.com/index.php/2025/08/20/el-azul-desaparece-del-mapa/">EL AZÚL DESAPARECE DEL MAPA</a></blockquote><iframe sandbox="allow-scripts" security="restricted" src="https://telocuentavictorhugo.com/index.php/2025/08/20/el-azul-desaparece-del-mapa/embed/#?secret=GPLggUPzvs" width="600" height="338" title="«EL AZÚL DESAPARECE DEL MAPA» — Te lo Cuenta Victor" data-secret="GPLggUPzvs" frameborder="0" marginwidth="0" marginheight="0" scrolling="no" class="wp-embedded-content"></iframe><script>
/*! This file is auto-generated */
!function(d,l){"use strict";l.querySelector&&d.addEventListener&&"undefined"!=typeof URL&&(d.wp=d.wp||{},d.wp.receiveEmbedMessage||(d.wp.receiveEmbedMessage=function(e){var t=e.data;if((t||t.secret||t.message||t.value)&&!/[^a-zA-Z0-9]/.test(t.secret)){for(var s,r,n,a=l.querySelectorAll('iframe[data-secret="'+t.secret+'"]'),o=l.querySelectorAll('blockquote[data-secret="'+t.secret+'"]'),c=new RegExp("^https?:$","i"),i=0;i<o.length;i++)o[i].style.display="none";for(i=0;i<a.length;i++)s=a[i],e.source===s.contentWindow&&(s.removeAttribute("style"),"height"===t.message?(1e3<(r=parseInt(t.value,10))?r=1e3:~~r<200&&(r=200),s.height=r):"link"===t.message&&(r=new URL(s.getAttribute("src")),n=new URL(t.value),c.test(n.protocol))&&n.host===r.host&&l.activeElement===s&&(d.top.location.href=t.value))}},d.addEventListener("message",d.wp.receiveEmbedMessage,!1),l.addEventListener("DOMContentLoaded",function(){for(var e,t,s=l.querySelectorAll("iframe.wp-embedded-content"),r=0;r<s.length;r++)(t=(e=s[r]).getAttribute("data-secret"))||(t=Math.random().toString(36).substring(2,12),e.src+="#?secret="+t,e.setAttribute("data-secret",t)),e.contentWindow.postMessage({message:"ready",secret:t},"*")},!1)))}(window,document);
//# sourceURL=https://telocuentavictorhugo.com/wp-includes/js/wp-embed.min.js
</script>

Según los resultados por departamentos, así quedó delineado el mapa electoral tras las elecciones de 2020 y las celebradas este domingo 17 de agosto de 2025. El MAS de Luis Arce obtuvo la mayoría en aquel proceso electoral de hace cinco años y, en la actualidad, la posición está ocupada por el PDC de Rodrigo [&hellip;]
