{"version":"1.0","provider_name":"Te lo Cuenta Victor","provider_url":"https:\/\/telocuentavictorhugo.com","author_name":"telocuentavictorhugo.com","author_url":"https:\/\/telocuentavictorhugo.com\/index.php\/author\/plustvpress-com\/","title":"- Te lo Cuenta Victor","type":"rich","width":600,"height":338,"html":"<blockquote class=\"wp-embedded-content\" data-secret=\"tHcZn0SyaS\"><a href=\"https:\/\/telocuentavictorhugo.com\/index.php\/2025\/08\/19\/9163\/\"><\/a><\/blockquote><iframe sandbox=\"allow-scripts\" security=\"restricted\" src=\"https:\/\/telocuentavictorhugo.com\/index.php\/2025\/08\/19\/9163\/embed\/#?secret=tHcZn0SyaS\" width=\"600\" height=\"338\" title=\"\u00ab\u00bb \u2014 Te lo Cuenta Victor\" data-secret=\"tHcZn0SyaS\" frameborder=\"0\" marginwidth=\"0\" marginheight=\"0\" scrolling=\"no\" class=\"wp-embedded-content\"><\/iframe><script>\n\/*! This file is auto-generated *\/\n!function(d,l){\"use strict\";l.querySelector&&d.addEventListener&&\"undefined\"!=typeof URL&&(d.wp=d.wp||{},d.wp.receiveEmbedMessage||(d.wp.receiveEmbedMessage=function(e){var t=e.data;if((t||t.secret||t.message||t.value)&&!\/[^a-zA-Z0-9]\/.test(t.secret)){for(var s,r,n,a=l.querySelectorAll('iframe[data-secret=\"'+t.secret+'\"]'),o=l.querySelectorAll('blockquote[data-secret=\"'+t.secret+'\"]'),c=new RegExp(\"^https?:$\",\"i\"),i=0;i<o.length;i++)o[i].style.display=\"none\";for(i=0;i<a.length;i++)s=a[i],e.source===s.contentWindow&&(s.removeAttribute(\"style\"),\"height\"===t.message?(1e3<(r=parseInt(t.value,10))?r=1e3:~~r<200&&(r=200),s.height=r):\"link\"===t.message&&(r=new URL(s.getAttribute(\"src\")),n=new URL(t.value),c.test(n.protocol))&&n.host===r.host&&l.activeElement===s&&(d.top.location.href=t.value))}},d.addEventListener(\"message\",d.wp.receiveEmbedMessage,!1),l.addEventListener(\"DOMContentLoaded\",function(){for(var e,t,s=l.querySelectorAll(\"iframe.wp-embedded-content\"),r=0;r<s.length;r++)(t=(e=s[r]).getAttribute(\"data-secret\"))||(t=Math.random().toString(36).substring(2,12),e.src+=\"#?secret=\"+t,e.setAttribute(\"data-secret\",t)),e.contentWindow.postMessage({message:\"ready\",secret:t},\"*\")},!1)))}(window,document);\n\/\/# sourceURL=https:\/\/telocuentavictorhugo.com\/wp-includes\/js\/wp-embed.min.js\n<\/script>\n","thumbnail_url":"http:\/\/telocuentavictorhugo.com\/wp-content\/uploads\/2025\/08\/auto-de-buen-gobierno-7-668x1024.png","thumbnail_width":668,"thumbnail_height":1024,"description":"FERIA 16 DE JULIO DE EL ALTO SE ADELANTA PARA ESTE S\u00c1BADO POR LAS ELECCIONES La Feria 16 de Julio de El Alto adelantar\u00e1 su jornada al s\u00e1bado 16 de agosto, a solicitud de la gremial ante la Alcald\u00eda, con ventas hasta las 21:00. El domingo 17 de agosto quedar\u00e1 restringida la circulaci\u00f3n vehicular por [&hellip;]"}

FERIA 16 DE JULIO DE EL ALTO SE ADELANTA PARA ESTE SÁBADO POR LAS ELECCIONES La Feria 16 de Julio de El Alto adelantará su jornada al sábado 16 de agosto, a solicitud de la gremial ante la Alcaldía, con ventas hasta las 21:00. El domingo 17 de agosto quedará restringida la circulación vehicular por [&hellip;]
