{"version":"1.0","provider_name":"Te lo Cuenta Victor","provider_url":"https:\/\/telocuentavictorhugo.com","author_name":"telocuentavictorhugo.com","author_url":"https:\/\/telocuentavictorhugo.com\/index.php\/author\/plustvpress-com\/","title":"A\u00daN NADA EST\u00c1 CERRADO - Te lo Cuenta Victor","type":"rich","width":600,"height":338,"html":"<blockquote class=\"wp-embedded-content\" data-secret=\"uBFt1ZdIuG\"><a href=\"https:\/\/telocuentavictorhugo.com\/index.php\/2025\/05\/29\/aun-nada-esta-cerrado\/\">A\u00daN NADA EST\u00c1 CERRADO<\/a><\/blockquote><iframe sandbox=\"allow-scripts\" security=\"restricted\" src=\"https:\/\/telocuentavictorhugo.com\/index.php\/2025\/05\/29\/aun-nada-esta-cerrado\/embed\/#?secret=uBFt1ZdIuG\" width=\"600\" height=\"338\" title=\"\u00abA\u00daN NADA EST\u00c1 CERRADO\u00bb \u2014 Te lo Cuenta Victor\" data-secret=\"uBFt1ZdIuG\" frameborder=\"0\" marginwidth=\"0\" marginheight=\"0\" scrolling=\"no\" class=\"wp-embedded-content\"><\/iframe><script>\n\/*! This file is auto-generated *\/\n!function(d,l){\"use strict\";l.querySelector&&d.addEventListener&&\"undefined\"!=typeof URL&&(d.wp=d.wp||{},d.wp.receiveEmbedMessage||(d.wp.receiveEmbedMessage=function(e){var t=e.data;if((t||t.secret||t.message||t.value)&&!\/[^a-zA-Z0-9]\/.test(t.secret)){for(var s,r,n,a=l.querySelectorAll('iframe[data-secret=\"'+t.secret+'\"]'),o=l.querySelectorAll('blockquote[data-secret=\"'+t.secret+'\"]'),c=new RegExp(\"^https?:$\",\"i\"),i=0;i<o.length;i++)o[i].style.display=\"none\";for(i=0;i<a.length;i++)s=a[i],e.source===s.contentWindow&&(s.removeAttribute(\"style\"),\"height\"===t.message?(1e3<(r=parseInt(t.value,10))?r=1e3:~~r<200&&(r=200),s.height=r):\"link\"===t.message&&(r=new URL(s.getAttribute(\"src\")),n=new URL(t.value),c.test(n.protocol))&&n.host===r.host&&l.activeElement===s&&(d.top.location.href=t.value))}},d.addEventListener(\"message\",d.wp.receiveEmbedMessage,!1),l.addEventListener(\"DOMContentLoaded\",function(){for(var e,t,s=l.querySelectorAll(\"iframe.wp-embedded-content\"),r=0;r<s.length;r++)(t=(e=s[r]).getAttribute(\"data-secret\"))||(t=Math.random().toString(36).substring(2,12),e.src+=\"#?secret=\"+t,e.setAttribute(\"data-secret\",t)),e.contentWindow.postMessage({message:\"ready\",secret:t},\"*\")},!1)))}(window,document);\n\/\/# sourceURL=https:\/\/telocuentavictorhugo.com\/wp-includes\/js\/wp-embed.min.js\n<\/script>\n","thumbnail_url":"http:\/\/telocuentavictorhugo.com\/wp-content\/uploads\/2025\/05\/image-49.png","thumbnail_width":630,"thumbnail_height":421,"description":"Jhonny Fern\u00e1ndez, l\u00edder de UCS, convoca Asamblea Extraordinaria para debatir posible alianza con Andr\u00f3nico Rodr\u00edguez, tras negociaciones en Santa Cruz que podr\u00edan redefinir la candidatura presidencial de la alianza Fuerza del Pueblo"}

AÚN NADA ESTÁ CERRADO - Te lo Cuenta Victor

<blockquote class="wp-embedded-content" data-secret="uBFt1ZdIuG"><a href="https://telocuentavictorhugo.com/index.php/2025/05/29/aun-nada-esta-cerrado/">AÚN NADA ESTÁ CERRADO</a></blockquote><iframe sandbox="allow-scripts" security="restricted" src="https://telocuentavictorhugo.com/index.php/2025/05/29/aun-nada-esta-cerrado/embed/#?secret=uBFt1ZdIuG" width="600" height="338" title="«AÚN NADA ESTÁ CERRADO» — Te lo Cuenta Victor" data-secret="uBFt1ZdIuG" frameborder="0" marginwidth="0" marginheight="0" scrolling="no" class="wp-embedded-content"></iframe><script>
/*! This file is auto-generated */
!function(d,l){"use strict";l.querySelector&&d.addEventListener&&"undefined"!=typeof URL&&(d.wp=d.wp||{},d.wp.receiveEmbedMessage||(d.wp.receiveEmbedMessage=function(e){var t=e.data;if((t||t.secret||t.message||t.value)&&!/[^a-zA-Z0-9]/.test(t.secret)){for(var s,r,n,a=l.querySelectorAll('iframe[data-secret="'+t.secret+'"]'),o=l.querySelectorAll('blockquote[data-secret="'+t.secret+'"]'),c=new RegExp("^https?:$","i"),i=0;i<o.length;i++)o[i].style.display="none";for(i=0;i<a.length;i++)s=a[i],e.source===s.contentWindow&&(s.removeAttribute("style"),"height"===t.message?(1e3<(r=parseInt(t.value,10))?r=1e3:~~r<200&&(r=200),s.height=r):"link"===t.message&&(r=new URL(s.getAttribute("src")),n=new URL(t.value),c.test(n.protocol))&&n.host===r.host&&l.activeElement===s&&(d.top.location.href=t.value))}},d.addEventListener("message",d.wp.receiveEmbedMessage,!1),l.addEventListener("DOMContentLoaded",function(){for(var e,t,s=l.querySelectorAll("iframe.wp-embedded-content"),r=0;r<s.length;r++)(t=(e=s[r]).getAttribute("data-secret"))||(t=Math.random().toString(36).substring(2,12),e.src+="#?secret="+t,e.setAttribute("data-secret",t)),e.contentWindow.postMessage({message:"ready",secret:t},"*")},!1)))}(window,document);
//# sourceURL=https://telocuentavictorhugo.com/wp-includes/js/wp-embed.min.js
</script>

Jhonny Fernández, líder de UCS, convoca Asamblea Extraordinaria para debatir posible alianza con Andrónico Rodríguez, tras negociaciones en Santa Cruz que podrían redefinir la candidatura presidencial de la alianza Fuerza del Pueblo
