{"version":"1.0","provider_name":"Te lo Cuenta Victor","provider_url":"https:\/\/telocuentavictorhugo.com","author_name":"telocuentavictorhugo.com","author_url":"https:\/\/telocuentavictorhugo.com\/index.php\/author\/plustvpress-com\/","title":"JUSTICIA FALLA A FAVOR DE PANBOL - Te lo Cuenta Victor","type":"rich","width":600,"height":338,"html":"<blockquote class=\"wp-embedded-content\" data-secret=\"2J9voeSnMf\"><a href=\"https:\/\/telocuentavictorhugo.com\/index.php\/2025\/05\/27\/justicia-falla-a-favor-de-panbol\/\">JUSTICIA FALLA A FAVOR DE PANBOL<\/a><\/blockquote><iframe sandbox=\"allow-scripts\" security=\"restricted\" src=\"https:\/\/telocuentavictorhugo.com\/index.php\/2025\/05\/27\/justicia-falla-a-favor-de-panbol\/embed\/#?secret=2J9voeSnMf\" width=\"600\" height=\"338\" title=\"\u00abJUSTICIA FALLA A FAVOR DE PANBOL\u00bb \u2014 Te lo Cuenta Victor\" data-secret=\"2J9voeSnMf\" frameborder=\"0\" marginwidth=\"0\" marginheight=\"0\" scrolling=\"no\" class=\"wp-embedded-content\"><\/iframe><script>\n\/*! This file is auto-generated *\/\n!function(d,l){\"use strict\";l.querySelector&&d.addEventListener&&\"undefined\"!=typeof URL&&(d.wp=d.wp||{},d.wp.receiveEmbedMessage||(d.wp.receiveEmbedMessage=function(e){var t=e.data;if((t||t.secret||t.message||t.value)&&!\/[^a-zA-Z0-9]\/.test(t.secret)){for(var s,r,n,a=l.querySelectorAll('iframe[data-secret=\"'+t.secret+'\"]'),o=l.querySelectorAll('blockquote[data-secret=\"'+t.secret+'\"]'),c=new RegExp(\"^https?:$\",\"i\"),i=0;i<o.length;i++)o[i].style.display=\"none\";for(i=0;i<a.length;i++)s=a[i],e.source===s.contentWindow&&(s.removeAttribute(\"style\"),\"height\"===t.message?(1e3<(r=parseInt(t.value,10))?r=1e3:~~r<200&&(r=200),s.height=r):\"link\"===t.message&&(r=new URL(s.getAttribute(\"src\")),n=new URL(t.value),c.test(n.protocol))&&n.host===r.host&&l.activeElement===s&&(d.top.location.href=t.value))}},d.addEventListener(\"message\",d.wp.receiveEmbedMessage,!1),l.addEventListener(\"DOMContentLoaded\",function(){for(var e,t,s=l.querySelectorAll(\"iframe.wp-embedded-content\"),r=0;r<s.length;r++)(t=(e=s[r]).getAttribute(\"data-secret\"))||(t=Math.random().toString(36).substring(2,12),e.src+=\"#?secret=\"+t,e.setAttribute(\"data-secret\",t)),e.contentWindow.postMessage({message:\"ready\",secret:t},\"*\")},!1)))}(window,document);\n\/\/# sourceURL=https:\/\/telocuentavictorhugo.com\/wp-includes\/js\/wp-embed.min.js\n<\/script>\n","thumbnail_url":"http:\/\/telocuentavictorhugo.com\/wp-content\/uploads\/2025\/05\/image-46.png","thumbnail_width":785,"thumbnail_height":486,"description":"Ver video aqui\u0301:\u00a0\ud83d\udc49\ud83c\udffb\ud83d\udcf9\u23efhttps:\/\/youtu.be\/aY0cQYa3274 La Sala Constitucional Cuarta del Tribunal Departamental de Justicia de La Paz revoc\u00f3 hoy la decisi\u00f3n del Tribunal Supremo Electoral (TSE) que hab\u00eda anulado la personer\u00eda jur\u00eddica del Partido de Acci\u00f3n Nacional Boliviano (PAN-BOL). Esta resoluci\u00f3n permite al partido quedar habilitado para participar en las elecciones generales previstas para agosto. La presidenta [&hellip;]"}

Ver video aquí: 👉🏻📹⏯https://youtu.be/aY0cQYa3274 La Sala Constitucional Cuarta del Tribunal Departamental de Justicia de La Paz revocó hoy la decisión del Tribunal Supremo Electoral (TSE) que había anulado la personería jurídica del Partido de Acción Nacional Boliviano (PAN-BOL). Esta resolución permite al partido quedar habilitado para participar en las elecciones generales previstas para agosto. La presidenta [&hellip;]
